ase 13, what is 10 - 1ba6?
-1b96
In base 4, what is -13 - -12232?
12213
In base 15, what is 19dd + -1?
19dc
In base 4, what is -23020011300 - 11?
-23020011311
In base 8, what is 60 + 43155?
43235
In base 5, what is -11222344 - 2?
-11222401
In base 6, what is 24044330 - -4?
24044334
In base 6, what is -2 + -2254123?
-2254125
In base 6, what is -4 + -22102211?
-22102215
In base 2, what is 10 - -100111110111010111?
100111110111011001
In base 5, what is 40420 - -4?
40424
In base 11, what is 13760 - -2?
13762
In base 7, what is 3653 - 4?
3646
In base 9, what is -618 - -4?
-614
In base 14, what is 517b + -4?
5177
In base 15, what is -8 + -93ad?
-93b6
In base 16, what is a - -161?
16b
In base 3, what is 121 + 122021120?
122022011
In base 9, what is 8373174 - 0?
8373174
In base 14, what is -c9 - -233a?
2251
In base 7, what is -1 + -423645?
-423646
In base 6, what is -5 - 213332?
-213341
In base 10, what is -4 - 319643?
-319647
In base 15, what is 7 - -15bab?
15bb3
In base 14, what is 3dab + 3?
3db0
In base 4, what is -2 - -1233020200?
1233020132
In base 4, what is -32232233 + -11?
-32232310
In base 4, what is -3110020 - 223?
-3110303
In base 3, what is -1 - 22202102?
-22202110
In base 16, what is -d - -28d97?
28d8a
In base 5, what is 4 - 3313130?
-3313121
In base 2, what is 11100101 - -101011000?
1000111101
In base 3, what is -2001 - -21201?
12200
In base 12, what is -2 + -4641ba?
-464200
In base 5, what is -22 - 2032102?
-2032124
In base 4, what is -3111212 + -1?
-3111213
In base 12, what is -5 - 84a2?
-84a7
In base 6, what is -2444420 - -10?
-2444410
In base 10, what is 5322 + -3?
5319
In base 14, what is 1 - 689?
-688
In base 9, what is 35162 + 10?
35172
In base 10, what is -515 - -3?
-512
In base 15, what is 99 - -13d?
1d7
In base 14, what is 7b + -d9?
-5c
In base 12, what is 6 + 15a28?
15a32
In base 11, what is -27 - -213a9?
21382
In base 11, what is 7 - -3178?
3184
In base 16, what is -fe13 - 2?
-fe15
In base 14, what is -b1c - -2?
-b1a
In base 11, what is -30489 - 7?
-30495
In base 12, what is -3 - -1560?
1559
In base 11, what is -5 + -87906?
-87910
In base 4, what is -12121 - 0?
-12121
In base 14, what is 5 + 79b3?
79b8
In base 12, what is 23701 - 0?
23701
In base 8, what is -25023 + -151?
-25174
In base 16, what is 1 - 2802f?
-2802e
In base 5, what is 4311 - 104?
4202
In base 9, what is -446 + -4212?
-4658
In base 2, what is -10 + 10101111010001?
10101111001111
In base 16, what is 0 + -65634?
-65634
In base 5, what is -11 + -220230?
-220241
In base 6, what is 15 - 355?
-340
In base 4, what is 1303020 + 1103?
1310123
In base 6, what is -214353 - -51?
-214302
In base 11, what is 1051696 - -2?
1051698
In base 11, what is -182898 - 2?
-18289a
In base 12, what is -50a4a + -1?
-50a4b
In base 2, what is -110011011 + 10110011?
-11101000
In base 13, what is 28 + -4b03?
-4aa8
In base 7, what is -25216 + 13?
-25203
In base 2, what is -11 + 111111010001?
111111001110
In base 15, what is 117 - 340?
-228
In base 13, what is 5c - 147c?
-1420
In base 12, what is -1025 + 9?
-1018
In base 8, what is 1 - 37331?
-37330
In base 2, what is -111010101111100 - 10000111?
-111011000000011
In base 12, what is 33b498 + 5?
33b4a1
In base 2, what is -11101000011101101 - 0?
-11101000011101101
In base 12, what is -8 - -3a019a?
3a0192
In base 10, what is 6 - 49186?
-49180
In base 8, what is 232202 + -26?
232154
In base 13, what is -14 - a22b?
-a242
In base 4, what is 0 + 10211213?
10211213
In base 3, what is -112 + 20022110021?
20022102202
In base 3, what is -20211110001 + 1?
-20211110000
In base 3, what is -20112001200 + 12?
-20112001111
In base 6, what is -11342 + 23?
-11315
In base 3, what is -12220 + -221022?
-1011012
In base 16, what is -3 + e5af?
e5ac
In base 2, what is 101 + -100001110001001001?
-100001110001000100
In base 3, what is -2 + -110112221?
-110120000
In base 10, what is -12 + 11458?
11446
In base 15, what is 6cc - b?
6c1
In base 9, what is -2 + -20881?
-20883
In base 16, what is -5aa9 - -1?
-5aa8
In base 4, what is -10 + -1033310?
-1033320
In base 12, what is -a8 + -1b8?
-2a4
In base 7, what is -303453 + 15?
-303435
In base 14, what is -5 + 5a77d?
5a778
In base 9, what is -22636 - -10?
-22626
In base 2, what is 11 + 101111101000111?
101111101001010
In base 15, what is -b + a8e5?
a8d9
In base 14, what is -1745 + 1a?
-1729
In base 2, what is -100001 + 1011110110101001?
1011110110001000
In base 4, what is 212 + -1233033?
-1232221
In base 5, what is 333 - 213012?
-212124
In base 14, what is 4766 + -4?
4762
In base 14, what is -1d6d0 - 1?
-1d6d1
In base 16, what is d - -17f9?
1806
In base 10, what is 9 - -6060?
6069
In base 10, what is 4 - 5883?
-5879
In base 7, what is -2 + 452454?
452452
In base 2, what is 1100010011 + -10101?
1011111110
In base 7, what is 3 + 1115543?
1115546
In base 2, what is -110001101111110001010100 - -11?
-110001101111110001010001
In base 5, what is -3033 - -32?
-3001
In base 3, what is 120112101002 + 0?
120112101002
In base 14, what is -b176 - 42?
-b1b8
In base 12, what is 0 - -1b28a?
1b28a
In base 4, what is -212 - 211033202?
-211100020
In base 15, what is -2 - 1d481?
-1d483
In base 4, what is -22113 + -1300?
-30013
In base 3, what is 201212021 + 1222?
201221020
In base 4, what is 2111 - -13300?
22011
In base 4, what is 332 + -10021230?
-10020232
In base 5, what is -1312400 - -30?
-1312320
In base 3, what is -2 - -2101120010?
2101120001
In base 12, what is -8076 - 1?
-8077
In base 15, what is -7 + 13e43a?
13e433
In base 16, what is 3 + 3bb9?
3bbc
In base 8, what is 2 - -3136262?
3136264
In base 13, what is 7c5 + -a1?
724
In base 12, what is 0 + 7678?
7678
In base 3, what is -12222 - 2022?
-22021
In base 11, what is 120 + 5890?
5a00
In base 7, what is 16 - 135204?
-135155
In base 12, what is 2b + 15b56?
15b85
In base 16, what is 4 - 14a05?
-14a01
In base 7, what is -103 + 10562?
10456
In base 2, what is 101000100101011 + -1001?
101000100100010
In base 6, what is 22521 - 23?
22454
In base 12, what is 4 - b721?
-b719
In base 4, what is 11112 + -12211?
-1033
In base 15, what is -2 - -591d5?
591d3
In base 8, what is 4 + -1273411?
-1273405
In base 4, what is 132121130 + 102?
132121232
In base 3, what is -1210 + 2012112121?
2012110211
In base 11, what is 1330 - 4?
1327
In base 13, what is -4075 - 3?
-4078
In base 8, what is -2244716 - 0?
-2244716
In base 4, what is -2 + 2200100?
2200032
In base 5, what is 4 - -20213320?
20213324
In base 12, what is -209949 - 3?
-209950
In base 3, what is 1221021 + -101102?
1112212
In base 5, what is 144431 - 141?
144240
In base 2, what is -1 - -11110001001101110?
11110001001101101
In base 9, what is -402 + 164?
-227
In base 2, what is 1110111101110111001 + 11?
1110111101110111100
In base 3, what is 1 + 10111012221?
10111012222
In base 5, what is -20300344 - -1?
-20300343
In base 13, what is 81106 - -1?
81107
In base 11, what is -254 - 447?
-6a0
In base 12, what is 7747a - 5?
77475
In base 14, what is -18 - 5aa?
-5c4
In base 9, what is -123486 - -8?
-123477
In base 6, what is 513 - 45323?
-44410
In base 4, what is -2020000 + 322?
-2013012
In base 5, what is -2 + -224312?
-224314
In base 6, what is -341 - 4512?
-5253
In base 8, what is -5 - 434636?
-434643
In base 4, what is -31201120303 + 1?
-31201120302
In base 13, what is -2446b + 2?
-24469
In base 14, what is -17 - -3a9?
392
In base 12, what is 24a0a - -3?
24a11
In base 6, what is -11521 + 1245?
-10232
In base 12, what is -3 - 28092?
-28095
In base 14, what is -1340b - 3?
-13410
In base 5, what is -10 - -32312102?
32312042
In base 15, what is 16b7 - 44?
1673
In base 14, what is -300ad - 3?
-300b2
In base 2, what is 11 - 110100101011100?
-110100101011001
In base 10, what is 1026 + 1394?
2420
In base 14, what is 81 - d23?
-c82
In base 11, what is -5 - 11a45?
-11a4a
In base 7, what is 1222 - -4120?
5342
In base 6, what is -224105 + 240?
-223425
In base 3, what is -11211 + -1001021022?
-1001110010
In base 2, what is 1111110011 + -100001011?
1011101000
In base 8, what is -34706 - 167?
-35075
In base 5, what is 104204 - -2?
104211
In base 2, what is 1010000100011111 - 11100010?
1010000000111101
In base 15, what is 12 + -3e7d?
-3e6b
In base 8, what is 10 + 203462?
203472
In base 13, what is -203 - 2?
-205
In base 3, what is 122211020010 + 2?
122211020012
In b